ulate the remainder when 127 is divided by 38.
13
What is the remainder when 280 is divided by 47?
45
Calculate the remainder when 141 is divided by 70.
1
Calculate the remainder when 1636 is divided by 103.
91
What is the remainder when 213 is divided by 8?
5
What is the remainder when 209 is divided by 21?
20
What is the remainder when 37 is divided by 12?
1
Calculate the remainder when 197 is divided by 8.
5
What is the remainder when 23614 is divided by 48?
46
Calculate the remainder when 127 is divided by 8.
7
Calculate the remainder when 190 is divided by 96.
94
Calculate the remainder when 3046 is divided by 35.
1
What is the remainder when 199 is divided by 17?
12
What is the remainder when 138 is divided by 51?
36
Calculate the remainder when 909 is divided by 75.
9
What is the remainder when 378 is divided by 24?
18
Calculate the remainder when 125 is divided by 42.
41
Calculate the remainder when 209 is divided by 4.
1
Calculate the remainder when 227 is divided by 52.
19
Calculate the remainder when 222 is divided by 3.
0
Calculate the remainder when 472 is divided by 48.
40
What is the remainder when 6379 is divided by 56?
51
Calculate the remainder when 379 is divided by 20.
19
Calculate the remainder when 859 is divided by 21.
19
Calculate the remainder when 686 is divided by 99.
92
Calculate the remainder when 3360 is divided by 82.
80
What is the remainder when 877 is divided by 40?
37
Calculate the remainder when 2120 is divided by 53.
0
Calculate the remainder when 701 is divided by 37.
35
What is the remainder when 967 is divided by 97?
94
What is the remainder when 41 is divided by 10?
1
Calculate the remainder when 3785 is divided by 223.
217
What is the remainder when 192 is divided by 39?
36
Calculate the remainder when 448 is divided by 15.
13
Calculate the remainder when 196 is divided by 103.
93
Calculate the remainder when 825 is divided by 58.
13
What is the remainder when 739 is divided by 3?
1
Calculate the remainder when 8847 is divided by 6.
3
Calculate the remainder when 45 is divided by 9.
0
What is the remainder when 111 is divided by 36?
3
What is the remainder when 79 is divided by 59?
20
Calculate the remainder when 181 is divided by 52.
25
Calculate the remainder when 493 is divided by 55.
53
Calculate the remainder when 177 is divided by 52.
21
What is the remainder when 243 is divided by 49?
47
Calculate the remainder when 725 is divided by 104.
101
What is the remainder when 4671 is divided by 667?
2
What is the remainder when 71 is divided by 23?
2
What is the remainder when 1373 is divided by 155?
133
What is the remainder when 430 is divided by 146?
138
What is the remainder when 27 is divided by 22?
5
What is the remainder when 675 is divided by 21?
3
What is the remainder when 151 is divided by 81?
70
What is the remainder when 85 is divided by 8?
5
What is the remainder when 104 is divided by 12?
8
What is the remainder when 2545 is divided by 28?
25
What is the remainder when 306 is divided by 72?
18
What is the remainder when 2546 is divided by 633?
14
Calculate the remainder when 2132 is divided by 1059.
14
Calculate the remainder when 226 is divided by 54.
10
Calculate the remainder when 1115 is divided by 33.
26
Calculate the remainder when 3429 is divided by 16.
5
Calculate the remainder when 36 is divided by 22.
14
What is the remainder when 108 is divided by 94?
14
Calculate the remainder when 17135 is divided by 112.
111
Calculate the remainder when 1271 is divided by 214.
201
Calculate the remainder when 465 is divided by 32.
17
What is the remainder when 249 is divided by 4?
1
What is the remainder when 205 is divided by 20?
5
What is the remainder when 189 is divided by 2?
1
Calculate the remainder when 358 is divided by 70.
8
What is the remainder when 133 is divided by 36?
25
What is the remainder when 3522 is divided by 28?
22
What is the remainder when 337 is divided by 263?
74
Calculate the remainder when 1413 is divided by 59.
56
What is the remainder when 310 is divided by 62?
0
Calculate the remainder when 777 is divided by 87.
81
Calculate the remainder when 333 is divided by 53.
15
What is the remainder when 148 is divided by 30?
28
What is the remainder when 1022 is divided by 93?
92
Calculate the remainder when 43 is divided by 28.
15
Calculate the remainder when 565 is divided by 128.
53
What is the remainder when 797 is divided by 26?
17
Calculate the remainder when 33929 is divided by 145.
144
What is the remainder when 303 is divided by 102?
99
What is the remainder when 729 is divided by 242?
3
What is the remainder when 54 is divided by 3?
0
What is the remainder when 428 is divided by 152?
124
Calculate the remainder when 2015 is divided by 16.
15
Calculate the remainder when 167 is divided by 34.
31
Calculate the remainder when 840 is divided by 164.
20
What is the remainder when 413 is divided by 129?
26
What is the remainder when 233 is divided by 14?
9
What is the remainder when 177 is divided by 18?
15
Calculate the remainder when 230 is divided by 48.
38
Calculate the remainder when 447 is divided by 66.
51
Calculate the remainder when 1599 is divided by 16.
15
Calculate the remainder when 108 is divided by 38.
32
Calculate the remainder when 10 is divided by 3.
1
Calculate the remainder when 163 is divided by 5.
3
What is the remainder when 36177 is divided by 13?
11
Calculate the remainder when 295 is divided by 76.
67
Calculate the remainder when 1238 is divided by 40.
38
What is the remainder when 18 is divided by 4?
2
Calculate the remainder when 27528 is divided by 133.
130
What is the remainder when 1301 is divided by 31?
30
What is the remainder when 275 is divided by 14?
9
Calculate the remainder when 762 is divided by 169.
86
Calculate the remainder when 136 is divided by 14.
10
Calculate the remainder when 287 is divided by 58.
55
What is the remainder when 1158 is divided by 573?
12
What is the remainder when 1163 is divided by 97?
96
What is the remainder when 73 is divided by 26?
21
Calculate the remainder when 460 is divided by 265.
195
Calculate the remainder when 383 is divided by 197.
186
Calculate the remainder when 683 is divided by 19.
18
What is the remainder when 193 is divided by 14?
11
Calculate the remainder when 877 is divided by 8.
5
What is the remainder when 741 is divided by 92?
5
Calculate the remainder when 203 is divided by 104.
99
Calculate the remainder when 222 is divided by 59.
45
Calculate the remainder when 4486 is divided by 2228.
30
Calculate the remainder when 1334 is divided by 56.
46
Calculate the remainder when 89 is divided by 81.
8
Calculate the remainder when 226 is divided by 57.
55
What is the remainder when 4858 is divided by 108?
106
What is the remainder when 173 is divided by 9?
2
What is the remainder when 2157 is divided by 537?
9
Calculate the remainder when 171 is divided by 22.
17
What is the remainder when 262 is divided by 24?
22
Calculate the remainder when 475 is divided by 4.
3
What is the remainder when 82 is divided by 26?
4
Calculate the remainder when 14634 is divided by 123.
120
What is the remainder when 49 is divided by 4?
1
Calculate the remainder when 440 is divided by 394.
46
Calculate the remainder when 1659 is divided by 254.
135
What is the remainder when 491 is divided by 41?
40
What is the remainder when 322 is divided by 286?
36
What is the remainder when 811 is divided by 195?
31
What is the remainder when 2044 is divided by 228?
220
What is the remainder when 1993 is divided by 8?
1
Calculate the remainder when 11170 is divided by 28.
26
Calculate the remainder when 61 is divided by 20.
1
Calculate the remainder when 276 is divided by 56.
52
What is the remainder when 369 is divided by 24?
9
What is the remainder when 17 is divided by 6?
5
Calculate the remainder when 198 is divided by 26.
16
What is the remainder when 387 is divided by 184?
19
What is the remainder when 95 is divided by 39?
17
What is the remainder when 43 is divided by 22?
21
Calculate the remainder when 151 is divided by 39.
34
Calculate the remainder when 326 is divided by 170.
156
What is the remainder when 4269 is divided by 48?
45
Calculate the remainder when 919 is divided by 92.
91
What is the rem